 greatest common divisor of u and 6?
6
Let c = 1 + 11. Calculate the greatest common factor of c and 84.
12
Suppose -9 = 2*d - 75. Calculate the greatest common divisor of 44 and d.
11
Suppose -291 = -4*y + 4*h + 689, -3*h = -2*y + 492. Calculate the highest common factor of y and 27.
27
Let x(o) = o**2 - 3. Let y be x(3). Let n = -3 + y. Suppose 4*a + 4*k = 2*a + 246, n*a - 5*k - 358 = 0. What is the highest common factor of 11 and a?
11
Let t be (-1)/3 + 40/(-15). Let m be (t - 0)/(2/(-22)). Suppose 2*h = h + 11. Calculate the highest common divisor of h and m.
11
Let n(d) = -d**2 - 3*d + 111. Let z be n(0). What is the highest common factor of z and 37?
37
Let a = -14 - -35. What is the highest common divisor of 7 and a?
7
Let s = 20 + -14. What is the highest common divisor of 6 and s?
6
Suppose 0 = 4*n - 0*n - 772. Suppose 533 - n = 4*f. Suppose c - f = 113. What is the highest common factor of 18 and c?
18
Suppose 5*s + 10 = -0*s. Let r be (-3 + -147)*s/5. Let c(w) = -w + 6. Let n be c(0). Calculate the greatest common divisor of n and r.
6
Suppose -2*m + 399 = -5*o, 3*o - 397 = -4*m + 362. Calculate the greatest common factor of 32 and m.
32
Suppose d = 4*b + 76, 0 = -4*d - 2*b + 70 + 252. Calculate the greatest common divisor of 10 and d.
10
Suppose 4 = f - 4*p - 3, -2*p = -f + 5. What is the greatest common factor of f and 21?
3
Suppose 0 + 16 = 5*a + g, 2 = 2*g. Let n be 1/2*2*33. What is the highest common divisor of n and a?
3
Suppose 0 = 2*p - p - 100. Let j be (2/(-10))/((-10)/p). What is the greatest common divisor of j and 6?
2
Suppose -2*y + 12 + 2 = 0. Calculate the highest common factor of y and 14.
7
Let z(c) = -c**3 - 12*c**2 + 7*c + 14. Let d be z(-13). Let r = d - 43. Calculate the greatest common factor of 7 and r.
7
Let g(d) = 6*d - 1. Let a be g(-2). Let r be (1 + 2)*a/(-3). Let j(k) = 7*k**2 + 4*k + 1. Let p be j(-3). Calculate the highest common divisor of p and r.
13
Let m(j) be the first derivative of -j**4/4 + 4*j**3 - 8*j**2 + 10*j - 6. Let r be m(10). What is the greatest common factor of 20 and r?
10
Let v(f) = -18*f - 6. Let j be v(-7). Let d(m) = -m + 8. Let x be d(6). Suppose -x*w - 1 + 31 = 0. What is the highest common factor of w and j?
15
Let l(f) = f**2 - 9*f + 22. Let z be l(7). Suppose 2*p + 3*p - 5 = 0. What is the highest common divisor of p and z?
1
Suppose 4*p - 17 = -3*x, -2*x + p + p + 30 = 0. Let n(b) = 2*b**2 + 8*b. Let d be n(7). Suppose -v + d = v. What is the highest common factor of x and v?
11
Let l be (32/(-10))/(-2*(-1)/(-10)). Calculate the highest common factor of l and 16.
16
Let w be (4/(-3))/((-4)/12). Calculate the greatest common factor of 20 and w.
4
Let h = 11 - 8. Suppose m + h*m - 16 = 0. What is the highest common factor of m and 8?
4
Let u = -4 + 10. Suppose 2 = 3*b - 5*b. Let g be 28 + b/(3/u). Calculate the highest common divisor of 65 and g.
13
Suppose 3*y - 6 = -3*d, -4*d + 3*y - 10 = 3. Let m be (-7)/(-1) - 1/d. What is the greatest common divisor of m and 56?
8
Let m = 179 - -37. Calculate the highest common divisor of 24 and m.
24
Suppose 10 - 30 = -5*m. Calculate the greatest common factor of 2 and m.
2
Let f(c) = 15*c**2 + 8*c - 4. Let m be f(4). Suppose m = 2*l - 172. Let p = -22 + 42. What is the highest common factor of l and p?
20
Let a(j) = j - 12. Let k be (1 - -20)/(6/4). Let n be a(k). Calculate the highest common factor of n and 14.
2
Suppose -831 = -5*n + 319. Suppose 2*i + 3*i = n. Let s = -26 + i. Calculate the greatest common divisor of 20 and s.
20
Let l = 117 - 63. What is the greatest common factor of l and 18?
18
Let k be (-26)/(-7) - 4/(-14). Suppose -i - 8 = -3*i. Suppose 32 = q + w, 0*w - 124 = -i*q - 3*w. What is the highest common factor of k and q?
4
Suppose -v + 0*v = 4, 3*v = 5*b - 82. Suppose 3*c + r - 502 = -c, 5*c - 2*r = 634. What is the highest common divisor of b and c?
14
Let j(p) = 74*p**2 - 4*p - 3. Let g be j(-1). Calculate the highest common divisor of 30 and g.
15
Suppose -t + 68 = 2. Let s = 6 - 1. Suppose x + 125 = s*k, 7 = 2*k - 5*x - t. What is the greatest common divisor of k and 6?
6
Let g(y) = y**2 + 5*y - 1. Let s be g(-8). Let i(f) = -4*f - 1. Let z be i(-2). Suppose 828 = z*x - 3*x. Calculate the greatest common divisor of x and s.
23
Let w be 10/5 + -3 + 51. What is the highest common divisor of 10 and w?
10
Suppose 4*s = 2*s + 24. What is the highest common divisor of s and 48?
12
Suppose -3*u + 24 = -9. What is the greatest common divisor of u and 55?
11
Let t = 18 + 7. Let b be (-1 - -1) + t/1. Calculate the greatest common factor of b and 10.
5
Let h(z) = 15*z - 4. Let o be h(6). Let w = 44 + o. Let b = 1 - -12. What is the greatest common factor of w and b?
13
Let l be 11/(44/96) + 0. Calculate the highest common factor of l and 48.
24
Suppose -4*y = 4*h - 36, -y + 2*h - 7*h + 25 = 0. What is the highest common factor of y and 25?
5
Suppose 3*t + 2 = 8. Suppose 170 = 4*m + x - t*x, m - 2*x = 46. Calculate the greatest common factor of 6 and m.
6
Suppose 2*m = 5*m - 264. Calculate the highest common divisor of 22 and m.
22
Let g be 11*((-3 - -1) + -11). Let b = -31 - g. Calculate the greatest common divisor of 16 and b.
16
Let x(c) = c - 3. Let w be x(9). Suppose -j + w*j = 35. Let h be (-198)/(-7) - (-2)/(-7). Calculate the greatest common divisor of j and h.
7
Let r = 11 - -1. What is the highest common divisor of 8 and r?
4
Let z(t) = -6 - 2*t**3 - 6*t**3 - 3*t + 10*t**3 - 8*t**2. Let m be z(6). What is the highest common factor of m and 15?
15
Let p be 24*(-3)/(-6 + 3). Let r be (4/8)/(1/p). Calculate the greatest common divisor of r and 132.
12
Suppose 335 = k + 4*k. Suppose 5 + k = 6*f. What is the greatest common factor of f and 6?
6
Let v be (-156)/(-8)*(-4)/(-6). Let l = 61 - v. What is the highest common factor of l and 6?
6
Let a(z) = 2*z**2 - 52*z + 54. Let l be a(31). What is the greatest common factor of l and 26?
26
Suppose -24 = -3*t - 0*t. Suppose -3*j - 94 = -286. Calculate the greatest common divisor of j and t.
8
Let l(f) = -f + 11. Let d be l(5). Calculate the greatest common factor of d and 48.
6
Let m(d) = -2*d - 1. Let v be m(-3). Let o = -192 - -207. What is the highest common factor of o and v?
5
Let s(g) = 2*g - 11. Let i be s(-8). Let a = -9 - i. What is the greatest common factor of a and 27?
9
Suppose 2*l - 17 - 115 = 0. Suppose t - l = -0*t. What is the greatest common factor of t and 6?
6
Let t(q) = 4*q - 3. Let f(x) = 1. Let d(y) = -4*f(y) - t(y). Let u be d(-1). Let z(i) = 8*i. Let w be z(u). What is the highest common divisor of 36 and w?
12
Let p = -79 + 112. Calculate the highest common factor of 11 and p.
11
Let h(s) = -5*s**2 + 3*s + 7. Let d(w) = -11*w**2 + 5*w + 14. Let u(x) = 4*d(x) - 9*h(x). Let j be u(8). Calculate the greatest common divisor of j and 1.
1
Let p be (0 - -3) + 6 + -9. Suppose z + 0*z = p. Suppose z = -5*i + i + 80. Calculate the highest common factor of 10 and i.
10
Suppose -5*o + 3*o = -48. What is the highest common factor of o and 8?
8
Let f = -37 - -48. What is the greatest common divisor of 66 and f?
11
Let q = -206 - -349. What is the highest common factor of 13 and q?
13
Let r(n) = -n**2 - 9*n - 13. Let b be r(-6). What is the highest common divisor of 70 and b?
5
Let r = 107 - 51. Calculate the greatest common divisor of 8 and r.
8
Suppose 4*r - 5*r + 104 = v, -2*v = -5*r - 215. Calculate the highest common divisor of 15 and v.
15
Suppose 0 = -0*b + 5*b. Suppose 2*l - 18 - 74 = b. Let t = l + -28. What is the greatest common divisor of 2 and t?
2
Suppose -2*w - 150 = 2*u - 4*u, -3*w = 2*u - 150. Calculate the greatest common divisor of 50 and u.
25
Let m(r) = -2*r**3 + r + 1. Let q be m(-2). Suppose 2*k - 7 = -z, -3*k + 2*k = 3*z - 11. Calculate the greatest common factor of z and q.
3
Let d = 42 + -31. Calculate the highest common divisor of d and 44.
11
Suppose 0 = 3*d - 2 - 10. Suppose 2*q + d - 2 = 0, 5*q + 65 = 3*y. What is the greatest common divisor of y and 30?
10
Suppose -b + 25 = 3*l, 137 = 4*b - 2*l - 5. What is the highest common divisor of 2 and b?
2
Let q(x) = 25*x**3 + 3*x - 4. Let k be q(1). What is the highest common factor of k and 312?
24
Let p = -5 - -8. Let s be 68/(5 - p) + 0. Calculate the highest common divisor of 85 